{"id":5632,"date":"2022-07-23T09:38:19","date_gmt":"2022-07-23T09:38:19","guid":{"rendered":"https:\/\/2023.fotografestival.cz\/rocnik-2022\/kontakt\/"},"modified":"2022-08-30T08:09:16","modified_gmt":"2022-08-30T08:09:16","slug":"contact","status":"publish","type":"page","link":"https:\/\/2023.fotografestival.cz\/en\/rocnik-2022\/contact\/","title":{"rendered":"Contact"},"content":{"rendered":"<p><div class=\"d-flex flex-row flex-wrap justify-content-between\"><br \/>\n<div class=\"col-12 col-lg-6 col-xxl-4\">\n<span style=\"font-weight: 400;\">Fotograf Festival is organised by Fotograf\u00a007 z.s.<\/span><br \/>\nJungmannova 7<br \/>\nPraha 1, 110&nbsp;00<br \/>\n<a href=\"javascript:DeCryptX('1j0n2h3r1A1g0o0t2q3j2t3d3i0n2g3w201d2|')\">in&#102;o&#64;&#102;&#111;to&#103;rafne&#116;.c&#122;<\/a><br \/>\n+420&nbsp;222&nbsp;942&nbsp;334\n<\/div>\n<br \/>\n<div class=\"col-12 col-lg-6 col-xxl-4\">\n<a href=\"https:\/\/fotografestival.cz\" target=\"_blank\" rel=\"noopener noreferrer\">fotografestival.cz<\/a><br \/>\n<a href=\"https:\/\/fotografgallery.cz\" target=\"_blank\" rel=\"noopener noreferrer\">fotografgallery.cz<\/a><br \/>\n<a href=\"https:\/\/fotografmagazine.cz\" target=\"_blank\" rel=\"noopener noreferrer\">fotografmagazine.cz<\/a>\n<\/div>\n<br \/>\n<div class=\"col-12 col-lg-6 col-xxl-4\">\n<a href=\"https:\/\/drive.google.com\/drive\/u\/1\/folders\/1f5ynETJnAEyupL7lvh0euJ7mYVsk4RbU\" target=\"_blank\" rel=\"noopener\">PR kit<\/a>\n<\/div>\n<br \/>\n<\/div><br \/>\n<div class=\"d-flex flex-row flex-wrap justify-content-between\"><br \/>\n<div class=\"col-12 col-lg-6 col-xxl-4\">\nTereza Rudolf<br \/>\n<span style=\"font-weight: 400;\">Artistic director &amp; curator<\/span><br \/>\n<a href=\"javascript:DeCryptX('1u2g2t1f2|1b0.2t2w1e3r1m3i3C1g0o1u1p1h1s3d1g3q3h3w313f3}')\">&#116;e&#114;eza.&#114;&#117;&#100;&#111;&#108;&#102;&#64;&#102;o&#116;o&#103;&#114;af&#110;e&#116;&#46;&#99;z<\/a>\n<\/div>\n<br \/>\n<div class=\"col-12 col-lg-6 col-xxl-4\">\nSandra Fargula<br \/>\n<span style=\"font-weight: 400;\">Festival Manager<\/span><br \/>\n<a href=\"javascript:DeCryptX('0s3d2p1e1s2c202h0a1s2c1h2w0l1b3C1g3r1u2q1h2t1b2h3q3h3w313f1{')\">&#115;&#97;n&#100;ra&#46;farag&#117;l&#97;&#64;f&#111;&#116;ogr&#97;&#102;n&#101;t&#46;cz<\/a>\n<\/div>\n<br \/>\n<div class=\"col-12 col-lg-6 col-xxl-4\">\nJan Hladon\u00edk<br \/>\nPR&nbsp;&amp; Marketing<br \/>\n<a href=\"javascript:DeCryptX('0j3d3q311i1m1b0d2q1o1j0k0@2h0o3w3r1h2t2c2h2p3h2v203f1{')\">&#106;a&#110;.&#104;lad&#111;n&#105;k&#64;&#102;&#111;t&#111;&#103;ra&#102;net.cz<\/a><br \/>\n+420&nbsp;773&nbsp;020&nbsp;103\n<\/div>\n<br \/>\n<div class=\"wpa9-accordion-content _W8GUXA\"><br \/>\n<div class=\"col-12 col-lg-6 col-xxl-4\">\nMark\u00e9ta Mansfieldov\u00e1<br \/>\n<span style=\"font-weight: 400;\">Curator<\/span><br \/>\n<a href=\"javascript:DeCryptX('3p1b2t0k0e1u1b201n2c1o1t1g0i1f1m0d3r1w3d3C2h3r1u2q2i0r1b3i0n3h0t1\/1d2|')\">mar&#107;et&#97;.&#109;&#97;n&#115;f&#105;&#101;&#108;&#100;&#111;&#118;a&#64;&#102;ot&#111;gr&#97;&#102;&#110;et&#46;&#99;z<\/a>\n<\/div>\n<br \/>\n<div class=\"col-12 col-lg-6 col-xxl-4\">\nElisabeth Pichler<br \/>\n<span style=\"font-weight: 400;\">Curator<\/span><br \/>\n<a href=\"javascript:DeCryptX('3h2n3l0s0a1c0e1u2j0.2r0i2e2j2n0e2t1A3i2q2v1p0g2t2c0f2p0e1u0.0c1{')\">&#101;&#108;&#105;sab&#101;t&#104;&#46;&#112;i&#99;hler&#64;&#102;ot&#111;&#103;r&#97;f&#110;e&#116;.&#99;&#122;<\/a>\n<\/div>\n<br \/>\n<div class=\"col-12 col-lg-6 col-xxl-4\">\nTereza Vackov\u00e1<br \/>\nMedia Relations<br \/>\n<a href=\"javascript:DeCryptX('3w2g2t3h0z2c0.0v3d1d0k0o1w0a1A3i3r3w2q0g3u1b3i2p1f3w1\/0c2|')\">t&#101;&#114;e&#122;&#97;&#46;&#118;&#97;ckova&#64;&#102;&#111;&#116;o&#103;r&#97;fne&#116;.c&#122;<\/a><br \/>\n+420&nbsp;605&nbsp;709&nbsp;741\n<\/div>\n<br \/>\n<div class=\"col-12 col-lg-6 col-xxl-4\">\nSv\u011btlana Malinov\u00e1<br \/>\n<span style=\"font-weight: 400;\">Production<\/span><br \/>\n<a href=\"javascript:DeCryptX('0s2x2g2v1m1b0n2c200m0a3o3l3q3r1w0a2B1g0o2v1p0g0r2c0f3q0e0t311d3}')\">&#115;&#118;&#101;&#116;&#108;&#97;n&#97;&#46;ma&#108;i&#110;o&#118;a&#64;fot&#111;&#103;rafn&#101;&#116;&#46;&#99;z<\/a>\n<\/div>\n<br \/>\n<div class=\"col-12 col-lg-6 col-xxl-4\">\nViktorie V\u00edt\u016f<br \/>\n<span style=\"font-weight: 400;\">Assistant of Director &amp; Educational Programme<\/span><br \/>\n<a href=\"javascript:DeCryptX('2x1j2m3w0o0r1j3h313y0i2v3x0@0f3r3w2q3j2t1b0f2p2g2v1\/0c2|')\">&#118;ik&#116;o&#114;&#105;&#101;.&#118;i&#116;&#117;&#64;fo&#116;o&#103;rafn&#101;&#116;.&#99;z<\/a>\n<\/div>\n<br \/>\n<div class=\"col-12 col-lg-6 col-xxl-4\">\nTom\u00e1\u0161 Vobo\u0159il<br \/>\n<span style=\"font-weight: 400;\">Assistant<\/span><br \/>\n<a href=\"javascript:DeCryptX('0t2q3p2c1t201w2q2d0o2t2k1m3C1g3r0t1p2i1s2c0f0n3h3w202e1{')\">to&#109;&#97;&#115;&#46;v&#111;&#98;&#111;ril&#64;fo&#116;o&#103;rafnet&#46;&#99;z<\/a>\n<\/div>\n<br \/>\n<div class=\"col-12 col-lg-6 col-xxl-4\">\nNikola Schnitzerov\u00e1<br \/>\nguest service<br \/>\n<a href=\"javascript:DeCryptX('0n0i2m1p2n0a1\/2u0c0h2p0i3w2|3h1s3r3y2c3C1g1p1u2q0g3u3d2h1o3h0t0.3f2|')\">n&#105;&#107;ol&#97;.&#115;&#99;&#104;nit&#122;&#101;ro&#118;&#97;&#64;&#102;o&#116;&#111;&#103;&#114;a&#102;&#110;et&#46;cz<\/a>\n<\/div>\n<br \/>\n<div class=\"col-12 col-lg-6 col-xxl-4\">\nPavel Mat\u011bj<br \/>\ntechnical production<br \/>\n<a href=\"javascript:DeCryptX('2r3d3y2g2n0.0m1b2v2g0j0@3i0o3w2q3j3u3d3i1o2g3w200c3}')\">&#112;av&#101;&#108;&#46;&#109;a&#116;e&#106;&#64;f&#111;&#116;&#111;&#103;ra&#102;&#110;&#101;&#116;.&#99;z<\/a>\n<\/div>\n<br \/>\n<div class=\"col-12 col-lg-6 col-xxl-4\">\nMarie Rozm\u00e1nkov\u00e1<br \/>\n<span style=\"font-weight: 400;\">Finances and Administration<\/span><br \/>\n<a href=\"javascript:DeCryptX('1n1b0r0i0e0.1s0o3}3p0a3q3n0o1w2c1A1g3r1u0o3j0r0a0f1o0e0t0.0c1{')\">&#109;&#97;r&#105;&#101;.rozm&#97;n&#107;ova&#64;&#102;o&#116;&#111;&#103;&#114;afn&#101;t&#46;cz<\/a>\n<\/div>\n<br \/>\n<div class=\"col-12 col-lg-6 col-xxl-4\">\nAd\u00e9la Vosi\u010dkov\u00e1, Dita Havr\u00e1nkov\u00e1, Jan Kolsk\u00fd<br \/>\n<span style=\"font-weight: 400;\">Photodocumentation<\/span>\n<\/div>\n<br \/>\n<div class=\"col-12 col-lg-6 col-xxl-4\">\nBronislav Musil<br \/>\n<span style=\"font-weight: 400;\">Graphic designer<br \/>\n<\/span><\/div>\n<br \/>\n<div class=\"col-12 col-lg-6 col-xxl-4\">\nAle\u0161 Loziak<br \/>\nWebmaster<br \/>\n<a href=\"javascript:DeCryptX('2c0l0e3v0.0l3r1{3l3d3n3C1g0o1u1p2i3u1b1g3q0e3w1\/3f1{')\">a&#108;&#101;s.lozia&#107;&#64;f&#111;t&#111;g&#114;afnet.c&#122;<\/a>\n<\/div>\n<br \/>\n<div class=\"col-12 col-lg-6 col-xxl-4\">\nIan\u00a0Mikyska, Lenka\u00a0M.\u00a0\u010capkov\u00e1, Franti\u0161ka\u00a0Bla\u017ekov\u00e1<br \/>\n<span style=\"font-weight: 400;\">translations<\/span>\n<\/div>\n<br \/>\n<\/div>\r\n\t<div class=\"wpa9-accordion-toggler\">\r\n\t\t<a href=\"javascript:void(0);\" class=\"wpa9-accordion-toggler-opener meta-show-more\" data-toggle=\"_W8GUXA\" title=\"More\"><span>More<\/span><\/a>\r\n\t\t<a href=\"javascript:void(0);\" class=\"wpa9-accordion-toggler-closer meta-show-less\" data-toggle=\"_W8GUXA\" title=\"Less\"><span>Less<\/span><\/a>\r\n\t<\/div><br \/>\n<\/div><\/p>\n","protected":false},"excerpt":{"rendered":"","protected":false},"author":10,"featured_media":0,"parent":5444,"menu_order":0,"comment_status":"closed","ping_status":"closed","template":"","meta":{"_acf_changed":false,"footnotes":""},"acf":[],"_links":{"self":[{"href":"https:\/\/2023.fotografestival.cz\/en\/wp-json\/wp\/v2\/pages\/5632"}],"collection":[{"href":"https:\/\/2023.fotografestival.cz\/en\/wp-json\/wp\/v2\/pages"}],"about":[{"href":"https:\/\/2023.fotografestival.cz\/en\/wp-json\/wp\/v2\/types\/page"}],"author":[{"embeddable":true,"href":"https:\/\/2023.fotografestival.cz\/en\/wp-json\/wp\/v2\/users\/10"}],"replies":[{"embeddable":true,"href":"https:\/\/2023.fotografestival.cz\/en\/wp-json\/wp\/v2\/comments?post=5632"}],"version-history":[{"count":5,"href":"https:\/\/2023.fotografestival.cz\/en\/wp-json\/wp\/v2\/pages\/5632\/revisions"}],"predecessor-version":[{"id":5979,"href":"https:\/\/2023.fotografestival.cz\/en\/wp-json\/wp\/v2\/pages\/5632\/revisions\/5979"}],"up":[{"embeddable":true,"href":"https:\/\/2023.fotografestival.cz\/en\/wp-json\/wp\/v2\/pages\/5444"}],"wp:attachment":[{"href":"https:\/\/2023.fotografestival.cz\/en\/wp-json\/wp\/v2\/media?parent=5632"}],"curies":[{"name":"wp","href":"https:\/\/api.w.org\/{rel}","templated":true}]}}

<p><div class="d-flex flex-row flex-wrap justify-content-between"><br />
<div class="col-12 col-lg-6 col-xxl-4">
<span style="font-weight: 400;">Fotograf Festival is organised by Fotograf 07 z.s.</span><br />
Jungmannova 7<br />
Praha 1, 110&nbsp;00<br />
<a href="javascript:DeCryptX('1j0n2h3r1A1g0o0t2q3j2t3d3i0n2g3w201d2|')">in&#102;o&#64;&#102;&#111;to&#103;rafne&#116;.c&#122;</a><br />
+420&nbsp;222&nbsp;942&nbsp;334
</div>
<br />
<div class="col-12 col-lg-6 col-xxl-4">
<a href="https://fotografestival.cz" target="_blank" rel="noopener noreferrer">fotografestival.cz</a><br />
<a href="https://fotografgallery.cz" target="_blank" rel="noopener noreferrer">fotografgallery.cz</a><br />
<a href="https://fotografmagazine.cz" target="_blank" rel="noopener noreferrer">fotografmagazine.cz</a>
</div>
<br />
<div class="col-12 col-lg-6 col-xxl-4">
<a href="https://drive.google.com/drive/u/1/folders/1f5ynETJnAEyupL7lvh0euJ7mYVsk4RbU" target="_blank" rel="noopener">PR kit</a>
</div>
<br />
</div><br />
<div class="d-flex flex-row flex-wrap justify-content-between"><br />
<div class="col-12 col-lg-6 col-xxl-4">
Tereza Rudolf<br />
<span style="font-weight: 400;">Artistic director &amp; curator</span><br />
<a href="javascript:DeCryptX('1u2g2t1f2|1b0.2t2w1e3r1m3i3C1g0o1u1p1h1s3d1g3q3h3w313f3}')">&#116;e&#114;eza.&#114;&#117;&#100;&#111;&#108;&#102;&#64;&#102;o&#116;o&#103;&#114;af&#110;e&#116;&#46;&#99;z</a>
</div>
<br />
<div class="col-12 col-lg-6 col-xxl-4">
Sandra Fargula<br />
<span style="font-weight: 400;">Festival Manager</span><br />
<a href="javascript:DeCryptX('0s3d2p1e1s2c202h0a1s2c1h2w0l1b3C1g3r1u2q1h2t1b2h3q3h3w313f1{')">&#115;&#97;n&#100;ra&#46;farag&#117;l&#97;&#64;f&#111;&#116;ogr&#97;&#102;n&#101;t&#46;cz</a>
</div>
<br />
<div class="col-12 col-lg-6 col-xxl-4">
Jan Hladoník<br />
PR&nbsp;&amp; Marketing<br />
<a href="javascript:DeCryptX('0j3d3q311i1m1b0d2q1o1j0k0@2h0o3w3r1h2t2c2h2p3h2v203f1{')">&#106;a&#110;.&#104;lad&#111;n&#105;k&#64;&#102;&#111;t&#111;&#103;ra&#102;net.cz</a><br />
+420&nbsp;773&nbsp;020&nbsp;103
</div>
<br />
<div class="wpa9-accordion-content _W8GUXA"><br />
<div class="col-12 col-lg-6 col-xxl-4">
Markéta Mansfieldová<br />
<span style="font-weight: 400;">Curator</span><br />
<a href="javascript:DeCryptX('3p1b2t0k0e1u1b201n2c1o1t1g0i1f1m0d3r1w3d3C2h3r1u2q2i0r1b3i0n3h0t1/1d2|')">mar&#107;et&#97;.&#109;&#97;n&#115;f&#105;&#101;&#108;&#100;&#111;&#118;a&#64;&#102;ot&#111;gr&#97;&#102;&#110;et&#46;&#99;z</a>
</div>
<br />
<div class="col-12 col-lg-6 col-xxl-4">
Elisabeth Pichler<br />
<span style="font-weight: 400;">Curator</span><br />
<a href="javascript:DeCryptX('3h2n3l0s0a1c0e1u2j0.2r0i2e2j2n0e2t1A3i2q2v1p0g2t2c0f2p0e1u0.0c1{')">&#101;&#108;&#105;sab&#101;t&#104;&#46;&#112;i&#99;hler&#64;&#102;ot&#111;&#103;r&#97;f&#110;e&#116;.&#99;&#122;</a>
</div>
<br />
<div class="col-12 col-lg-6 col-xxl-4">
Tereza Vacková<br />
Media Relations<br />
<a href="javascript:DeCryptX('3w2g2t3h0z2c0.0v3d1d0k0o1w0a1A3i3r3w2q0g3u1b3i2p1f3w1/0c2|')">t&#101;&#114;e&#122;&#97;&#46;&#118;&#97;ckova&#64;&#102;&#111;&#116;o&#103;r&#97;fne&#116;.c&#122;</a><br />
+420&nbsp;605&nbsp;709&nbsp;741
</div>
<br />
<div class="col-12 col-lg-6 col-xxl-4">
Světlana Malinová<br />
<span style="font-weight: 400;">Production</span><br />
<a href="javascript:DeCryptX('0s2x2g2v1m1b0n2c200m0a3o3l3q3r1w0a2B1g0o2v1p0g0r2c0f3q0e0t311d3}')">&#115;&#118;&#101;&#116;&#108;&#97;n&#97;&#46;ma&#108;i&#110;o&#118;a&#64;fot&#111;&#103;rafn&#101;&#116;&#46;&#99;z</a>
</div>
<br />
<div class="col-12 col-lg-6 col-xxl-4">
Viktorie Vítů<br />
<span style="font-weight: 400;">Assistant of Director &amp; Educational Programme</span><br />
<a href="javascript:DeCryptX('2x1j2m3w0o0r1j3h313y0i2v3x0@0f3r3w2q3j2t1b0f2p2g2v1/0c2|')">&#118;ik&#116;o&#114;&#105;&#101;.&#118;i&#116;&#117;&#64;fo&#116;o&#103;rafn&#101;&#116;.&#99;z</a>
</div>
<br />
<div class="col-12 col-lg-6 col-xxl-4">
Tomáš Vobořil<br />
<span style="font-weight: 400;">Assistant</span><br />
<a href="javascript:DeCryptX('0t2q3p2c1t201w2q2d0o2t2k1m3C1g3r0t1p2i1s2c0f0n3h3w202e1{')">to&#109;&#97;&#115;&#46;v&#111;&#98;&#111;ril&#64;fo&#116;o&#103;rafnet&#46;&#99;z</a>
</div>
<br />
<div class="col-12 col-lg-6 col-xxl-4">
Nikola Schnitzerová<br />
guest service<br />
<a href="javascript:DeCryptX('0n0i2m1p2n0a1/2u0c0h2p0i3w2|3h1s3r3y2c3C1g1p1u2q0g3u3d2h1o3h0t0.3f2|')">n&#105;&#107;ol&#97;.&#115;&#99;&#104;nit&#122;&#101;ro&#118;&#97;&#64;&#102;o&#116;&#111;&#103;&#114;a&#102;&#110;et&#46;cz</a>
</div>
<br />
<div class="col-12 col-lg-6 col-xxl-4">
Pavel Matěj<br />
technical production<br />
<a href="javascript:DeCryptX('2r3d3y2g2n0.0m1b2v2g0j0@3i0o3w2q3j3u3d3i1o2g3w200c3}')">&#112;av&#101;&#108;&#46;&#109;a&#116;e&#106;&#64;f&#111;&#116;&#111;&#103;ra&#102;&#110;&#101;&#116;.&#99;z</a>
</div>
<br />
<div class="col-12 col-lg-6 col-xxl-4">
Marie Rozmánková<br />
<span style="font-weight: 400;">Finances and Administration</span><br />
<a href="javascript:DeCryptX('1n1b0r0i0e0.1s0o3}3p0a3q3n0o1w2c1A1g3r1u0o3j0r0a0f1o0e0t0.0c1{')">&#109;&#97;r&#105;&#101;.rozm&#97;n&#107;ova&#64;&#102;o&#116;&#111;&#103;&#114;afn&#101;t&#46;cz</a>
</div>
<br />
<div class="col-12 col-lg-6 col-xxl-4">
Adéla Vosičková, Dita Havránková, Jan Kolský<br />
<span style="font-weight: 400;">Photodocumentation</span>
</div>
<br />
<div class="col-12 col-lg-6 col-xxl-4">
Bronislav Musil<br />
<span style="font-weight: 400;">Graphic designer<br />
</span></div>
<br />
<div class="col-12 col-lg-6 col-xxl-4">
Aleš Loziak<br />
Webmaster<br />
<a href="javascript:DeCryptX('2c0l0e3v0.0l3r1{3l3d3n3C1g0o1u1p2i3u1b1g3q0e3w1/3f1{')">a&#108;&#101;s.lozia&#107;&#64;f&#111;t&#111;g&#114;afnet.c&#122;</a>
</div>
<br />
<div class="col-12 col-lg-6 col-xxl-4">
Ian Mikyska, Lenka M. Čapková, Františka Blažková<br />
<span style="font-weight: 400;">translations</span>
</div>
<br />
</div>
	<div class="wpa9-accordion-toggler">
		<a href="javascript:void(0);" class="wpa9-accordion-toggler-opener meta-show-more" data-toggle="_W8GUXA" title="More"><span>More</span></a>
		<a href="javascript:void(0);" class="wpa9-accordion-toggler-closer meta-show-less" data-toggle="_W8GUXA" title="Less"><span>Less</span></a>
	</div><br />
</div></p>
