{"id":4238,"date":"2020-09-05T08:08:22","date_gmt":"2020-09-05T08:08:22","guid":{"rendered":"https:\/\/fotografestival.cz\/2021\/2020-2\/adresar\/"},"modified":"2020-09-21T08:43:00","modified_gmt":"2020-09-21T08:43:00","slug":"address-book","status":"publish","type":"page","link":"https:\/\/2023.fotografestival.cz\/en\/2020-2\/address-book\/","title":{"rendered":"Address book"},"content":{"rendered":"<p>[row]<\/p>\n<p>[column class=&#8221;col-12 col-lg-6&#8243;]<\/p>\n<p class=\"p1\">Mark\u00e9ta Kinterov\u00e1<br \/>\ndirector<br \/>\n<a href=\"javascript:DeCryptX('0m0a3u0k3h2v2c312m1j0n2v3h2t1p1w2c3C0f1p3w2q3j0r0a2h2p0e1u312e3}')\">m&#97;&#114;k&#101;&#116;a&#46;&#107;&#105;nt&#101;&#114;&#111;&#118;&#97;&#64;f&#111;&#116;o&#103;&#114;a&#102;&#110;et.cz<\/a><\/p>\n<p>Tereza Rudolf<br \/>\nart director &amp; curator<br \/>\n<a href=\"javascript:DeCryptX('2v2g1s2g0z2c313u1v0d3r3o3i3C2h1p2v1p1h1s1b2h1o0e2v1\/2e2|')\">&#116;ere&#122;a&#46;ru&#100;ol&#102;&#64;f&#111;&#116;&#111;g&#114;afn&#101;t&#46;&#99;&#122;<\/a><br \/>\n+420&nbsp;603&nbsp;563&nbsp;009<\/p>\n<p class=\"p1\">Stephanie Kiwitt<br \/>\ncurator<br \/>\n<a href=\"javascript:DeCryptX('3v0t1f3s1i1b2p2k2g311l2k1x3l0t2v1A3i2q1u3r2i1s2c2h0n3h1u201d3}')\">&#115;t&#101;&#112;h&#97;&#110;&#105;e&#46;kiwi&#116;&#116;&#64;f&#111;&#116;og&#114;&#97;&#102;&#110;et&#46;&#99;z<\/a><\/p>\n<p class=\"p1\">Anna Voswinckel<br \/>\ncurator<br \/>\n<a href=\"javascript:DeCryptX('2c3q3q2c203y1p2u3z1j0n3f3n2g0l0@2h3r0t0o1h1s0a0f3q1f1u0.1d0z')\">&#97;n&#110;a&#46;&#118;&#111;&#115;wi&#110;c&#107;&#101;&#108;&#64;f&#111;t&#111;gra&#102;&#110;&#101;t&#46;&#99;&#122;<\/a><\/p>\n<p class=\"p1\">Sandra Faragula<br \/>\nfestival manager<br \/>\n<a href=\"javascript:DeCryptX('2u1b3q2f3u0a1\/3i0a1s3d3j0u1m2c2B1g0o1u3r2i1s0a0f2p3h0t312e0z')\">sa&#110;d&#114;a.f&#97;ragu&#108;&#97;&#64;&#102;&#111;togr&#97;f&#110;&#101;&#116;&#46;&#99;&#122;<\/a><br \/>\n+420&nbsp;728&nbsp;280&nbsp;587<\/p>\n<p class=\"p1\">Martina Malinov\u00e1<br \/>\npress<br \/>\n<a href=\"javascript:DeCryptX('0m0a1s0t3l2p1b310m2c2n2k2p2q0v0a1A0f2q1u1p3j3u1b0f3q2g3w1\/2e1{')\">&#109;ar&#116;&#105;&#110;&#97;.&#109;&#97;li&#110;o&#118;&#97;&#64;fo&#116;&#111;gra&#102;net.&#99;z<\/a><br \/>\n+420&nbsp;723&nbsp;879&nbsp;556]<\/p>\n<p>[\/column]<\/p>\n<p>[column class=&#8221;col-12 col-lg-6&#8243;]<\/p>\n<p class=\"p1\">Veronika Da\u0148helov\u00e1<br \/>\neducational program<br \/>\n<a href=\"javascript:DeCryptX('2x1f1s2q0n0i2m3d0.1e3d1o2j1f1m3r2x2c3C1g2q2v0o1h1s3d1g0n3h3w1\/0c2|')\">&#118;&#101;roni&#107;a.&#100;a&#110;&#104;elo&#118;&#97;&#64;fo&#116;ogr&#97;fn&#101;&#116;&#46;cz<\/a><\/p>\n<p class=\"p1\">Eli\u0161ka \u017d\u00e1kov\u00e1<br \/>\nguest service<br \/>\n<a href=\"javascript:DeCryptX('0e1m2k1t0k3d201{3d0k0o3y3d3C1g3r0t1p3j0r1b0f3q3h3w0.0c2|')\">elis&#107;&#97;&#46;&#122;&#97;&#107;&#111;&#118;&#97;&#64;&#102;o&#116;&#111;&#103;&#114;afn&#101;t.&#99;&#122;<\/a><\/p>\n<p class=\"p1\">Pavel Mat\u011bj<br \/>\ntechnical production<br \/>\n<a href=\"javascript:DeCryptX('1q3d1w3h3o0.3p3d2v2g0j2B3i2q2v3r3j3u3d1g1o3h3w0.1d0z')\">pa&#118;&#101;l.mat&#101;&#106;&#64;&#102;o&#116;o&#103;r&#97;f&#110;et.&#99;&#122;<\/a><\/p>\n<p class=\"p1\">Marie Rozm\u00e1nkov\u00e1<br \/>\nfinance and administration<br \/>\n<a href=\"javascript:DeCryptX('3p2c2t2k3h313u1p0z1n3d1o0k1p2x2c3C3i3r3w3r2i2t1b1g1o3h3w0.1d1{')\">&#109;&#97;&#114;ie.r&#111;&#122;mank&#111;va&#64;&#102;o&#116;&#111;g&#114;&#97;fnet.&#99;z<\/a><\/p>\n<p class=\"p1\">Ad\u00e9la Vosi\u010dkov\u00e1, Dita Havr\u00e1nkov\u00e1, Jan Kolsky\u0301<br \/>\nphoto documentation<\/p>\n<p class=\"p1\">Ale\u0161 Loziak<br \/>\nweb<br \/>\n<a href=\"javascript:DeCryptX('1b3o2g2u1\/0l0o3}1j2c1l2B3i2q0t0o1h1s3d2h1o2g3w0.1d1{')\">&#97;l&#101;&#115;.&#108;&#111;zi&#97;k&#64;f&#111;&#116;&#111;g&#114;&#97;f&#110;e&#116;.c&#122;<\/a><\/p>\n<p class=\"p1\">Jan Bro\u017e<br \/>\ngraphic design<\/p>\n<p>[\/column]<\/p>\n<p>[\/row]<\/p>\n","protected":false},"excerpt":{"rendered":"<p>[row] [column class=&#8221;col-12 col-lg-6&#8243;] Mark\u00e9ta Kinterov\u00e1 director ma&#114;ke&#116;a&#46;k&#105;&#110;&#116;ero&#118;a&#64;&#102;otog&#114;&#97;&#102;ne&#116;.&#99;z&nbsp;Tereza Rudolf art director &amp; curator &#116;&#101;&#114;&#101;&#122;a&#46;&#114;&#117;&#100;ol&#102;&#64;&#102;o&#116;&#111;gr&#97;fn&#101;t&#46;cz +420&nbsp;603&nbsp;563&nbsp;009 Stephanie Kiwitt curator s&#116;&#101;&#112;h&#97;&#110;&#105;e&#46;&#107;&#105;witt&#64;&#102;&#111;t&#111;g&#114;af&#110;&#101;t&#46;c&#122; Anna Voswinckel curator ann&#97;.&#118;&#111;&#115;winck&#101;l&#64;&#102;&#111;&#116;&#111;g&#114;&#97;&#102;&#110;&#101;&#116;.cz Sandra Faragula festival manager &#115;an&#100;ra.fa&#114;ag&#117;l&#97;&#64;&#102;&#111;to&#103;ra&#102;&#110;&#101;t&#46;&#99;&#122; +420&nbsp;728&nbsp;280&nbsp;587 Martina Malinov\u00e1 press ma&#114;t&#105;n&#97;.ma&#108;i&#110;&#111;&#118;a&#64;&#102;&#111;tog&#114;a&#102;n&#101;t.c&#122; +420&nbsp;723&nbsp;879&nbsp;556] [\/column] [column class=&#8221;col-12 col-lg-6&#8243;] Veronika Da\u0148helov\u00e1 educational program v&#101;&#114;on&#105;&#107;a&#46;&#100;anhe&#108;ova&#64;&#102;ot&#111;&#103;r&#97;fn&#101;&#116;.&#99;&#122; Eli\u0161ka \u017d\u00e1kov\u00e1 guest service e&#108;iska&#46;z&#97;k&#111;va&#64;fo&#116;og&#114;&#97;&#102;n&#101;&#116;&#46;&#99;z&nbsp;Pavel Mat\u011bj technical production &#112;avel.&#109;&#97;&#116;&#101;j&#64;f&#111;t&#111;graf&#110;&#101;t.c&#122; Marie [&hellip;]<\/p>\n","protected":false},"author":10,"featured_media":0,"parent":4123,"menu_order":0,"comment_status":"closed","ping_status":"closed","template":"","meta":{"_acf_changed":false,"footnotes":""},"acf":[],"_links":{"self":[{"href":"https:\/\/2023.fotografestival.cz\/en\/wp-json\/wp\/v2\/pages\/4238"}],"collection":[{"href":"https:\/\/2023.fotografestival.cz\/en\/wp-json\/wp\/v2\/pages"}],"about":[{"href":"https:\/\/2023.fotografestival.cz\/en\/wp-json\/wp\/v2\/types\/page"}],"author":[{"embeddable":true,"href":"https:\/\/2023.fotografestival.cz\/en\/wp-json\/wp\/v2\/users\/10"}],"replies":[{"embeddable":true,"href":"https:\/\/2023.fotografestival.cz\/en\/wp-json\/wp\/v2\/comments?post=4238"}],"version-history":[{"count":2,"href":"https:\/\/2023.fotografestival.cz\/en\/wp-json\/wp\/v2\/pages\/4238\/revisions"}],"predecessor-version":[{"id":4294,"href":"https:\/\/2023.fotografestival.cz\/en\/wp-json\/wp\/v2\/pages\/4238\/revisions\/4294"}],"up":[{"embeddable":true,"href":"https:\/\/2023.fotografestival.cz\/en\/wp-json\/wp\/v2\/pages\/4123"}],"wp:attachment":[{"href":"https:\/\/2023.fotografestival.cz\/en\/wp-json\/wp\/v2\/media?parent=4238"}],"curies":[{"name":"wp","href":"https:\/\/api.w.org\/{rel}","templated":true}]}}

<p>[row]</p>
<p>[column class=&#8221;col-12 col-lg-6&#8243;]</p>
<p class="p1">Markéta Kinterová<br />
director<br />
<a href="javascript:DeCryptX('0m0a3u0k3h2v2c312m1j0n2v3h2t1p1w2c3C0f1p3w2q3j0r0a2h2p0e1u312e3}')">m&#97;&#114;k&#101;&#116;a&#46;&#107;&#105;nt&#101;&#114;&#111;&#118;&#97;&#64;f&#111;&#116;o&#103;&#114;a&#102;&#110;et.cz</a></p>
<p>Tereza Rudolf<br />
art director &amp; curator<br />
<a href="javascript:DeCryptX('2v2g1s2g0z2c313u1v0d3r3o3i3C2h1p2v1p1h1s1b2h1o0e2v1/2e2|')">&#116;ere&#122;a&#46;ru&#100;ol&#102;&#64;f&#111;&#116;&#111;g&#114;afn&#101;t&#46;&#99;&#122;</a><br />
+420&nbsp;603&nbsp;563&nbsp;009</p>
<p class="p1">Stephanie Kiwitt<br />
curator<br />
<a href="javascript:DeCryptX('3v0t1f3s1i1b2p2k2g311l2k1x3l0t2v1A3i2q1u3r2i1s2c2h0n3h1u201d3}')">&#115;t&#101;&#112;h&#97;&#110;&#105;e&#46;kiwi&#116;&#116;&#64;f&#111;&#116;og&#114;&#97;&#102;&#110;et&#46;&#99;z</a></p>
<p class="p1">Anna Voswinckel<br />
curator<br />
<a href="javascript:DeCryptX('2c3q3q2c203y1p2u3z1j0n3f3n2g0l0@2h3r0t0o1h1s0a0f3q1f1u0.1d0z')">&#97;n&#110;a&#46;&#118;&#111;&#115;wi&#110;c&#107;&#101;&#108;&#64;f&#111;t&#111;gra&#102;&#110;&#101;t&#46;&#99;&#122;</a></p>
<p class="p1">Sandra Faragula<br />
festival manager<br />
<a href="javascript:DeCryptX('2u1b3q2f3u0a1/3i0a1s3d3j0u1m2c2B1g0o1u3r2i1s0a0f2p3h0t312e0z')">sa&#110;d&#114;a.f&#97;ragu&#108;&#97;&#64;&#102;&#111;togr&#97;f&#110;&#101;&#116;&#46;&#99;&#122;</a><br />
+420&nbsp;728&nbsp;280&nbsp;587</p>
<p class="p1">Martina Malinová<br />
press<br />
<a href="javascript:DeCryptX('0m0a1s0t3l2p1b310m2c2n2k2p2q0v0a1A0f2q1u1p3j3u1b0f3q2g3w1/2e1{')">&#109;ar&#116;&#105;&#110;&#97;.&#109;&#97;li&#110;o&#118;&#97;&#64;fo&#116;&#111;gra&#102;net.&#99;z</a><br />
+420&nbsp;723&nbsp;879&nbsp;556]</p>
<p>[/column]</p>
<p>[column class=&#8221;col-12 col-lg-6&#8243;]</p>
<p class="p1">Veronika Daňhelová<br />
educational program<br />
<a href="javascript:DeCryptX('2x1f1s2q0n0i2m3d0.1e3d1o2j1f1m3r2x2c3C1g2q2v0o1h1s3d1g0n3h3w1/0c2|')">&#118;&#101;roni&#107;a.&#100;a&#110;&#104;elo&#118;&#97;&#64;fo&#116;ogr&#97;fn&#101;&#116;&#46;cz</a></p>
<p class="p1">Eliška Žáková<br />
guest service<br />
<a href="javascript:DeCryptX('0e1m2k1t0k3d201{3d0k0o3y3d3C1g3r0t1p3j0r1b0f3q3h3w0.0c2|')">elis&#107;&#97;&#46;&#122;&#97;&#107;&#111;&#118;&#97;&#64;&#102;o&#116;&#111;&#103;&#114;afn&#101;t.&#99;&#122;</a></p>
<p class="p1">Pavel Matěj<br />
technical production<br />
<a href="javascript:DeCryptX('1q3d1w3h3o0.3p3d2v2g0j2B3i2q2v3r3j3u3d1g1o3h3w0.1d0z')">pa&#118;&#101;l.mat&#101;&#106;&#64;&#102;o&#116;o&#103;r&#97;f&#110;et.&#99;&#122;</a></p>
<p class="p1">Marie Rozmánková<br />
finance and administration<br />
<a href="javascript:DeCryptX('3p2c2t2k3h313u1p0z1n3d1o0k1p2x2c3C3i3r3w3r2i2t1b1g1o3h3w0.1d1{')">&#109;&#97;&#114;ie.r&#111;&#122;mank&#111;va&#64;&#102;o&#116;&#111;g&#114;&#97;fnet.&#99;z</a></p>
<p class="p1">Adéla Vosičková, Dita Havránková, Jan Kolský<br />
photo documentation</p>
<p class="p1">Aleš Loziak<br />
web<br />
<a href="javascript:DeCryptX('1b3o2g2u1/0l0o3}1j2c1l2B3i2q0t0o1h1s3d2h1o2g3w0.1d1{')">&#97;l&#101;&#115;.&#108;&#111;zi&#97;k&#64;f&#111;&#116;&#111;g&#114;&#97;f&#110;e&#116;.c&#122;</a></p>
<p class="p1">Jan Brož<br />
graphic design</p>
<p>[/column]</p>
<p>[/row]</p>

<p>[row] [column class=&#8221;col-12 col-lg-6&#8243;] Markéta Kinterová director ma&#114;ke&#116;a&#46;k&#105;&#110;&#116;ero&#118;a&#64;&#102;otog&#114;&#97;&#102;ne&#116;.&#99;z&nbsp;Tereza Rudolf art director &amp; curator &#116;&#101;&#114;&#101;&#122;a&#46;&#114;&#117;&#100;ol&#102;&#64;&#102;o&#116;&#111;gr&#97;fn&#101;t&#46;cz +420&nbsp;603&nbsp;563&nbsp;009 Stephanie Kiwitt curator s&#116;&#101;&#112;h&#97;&#110;&#105;e&#46;&#107;&#105;witt&#64;&#102;&#111;t&#111;g&#114;af&#110;&#101;t&#46;c&#122; Anna Voswinckel curator ann&#97;.&#118;&#111;&#115;winck&#101;l&#64;&#102;&#111;&#116;&#111;g&#114;&#97;&#102;&#110;&#101;&#116;.cz Sandra Faragula festival manager &#115;an&#100;ra.fa&#114;ag&#117;l&#97;&#64;&#102;&#111;to&#103;ra&#102;&#110;&#101;t&#46;&#99;&#122; +420&nbsp;728&nbsp;280&nbsp;587 Martina Malinová press ma&#114;t&#105;n&#97;.ma&#108;i&#110;&#111;&#118;a&#64;&#102;&#111;tog&#114;a&#102;n&#101;t.c&#122; +420&nbsp;723&nbsp;879&nbsp;556] [/column] [column class=&#8221;col-12 col-lg-6&#8243;] Veronika Daňhelová educational program v&#101;&#114;on&#105;&#107;a&#46;&#100;anhe&#108;ova&#64;&#102;ot&#111;&#103;r&#97;fn&#101;&#116;.&#99;&#122; Eliška Žáková guest service e&#108;iska&#46;z&#97;k&#111;va&#64;fo&#116;og&#114;&#97;&#102;n&#101;&#116;&#46;&#99;z&nbsp;Pavel Matěj technical production &#112;avel.&#109;&#97;&#116;&#101;j&#64;f&#111;t&#111;graf&#110;&#101;t.c&#122; Marie [&hellip;]</p>
